{"id":2219,"date":"2025-11-04T09:19:08","date_gmt":"2025-11-04T09:19:08","guid":{"rendered":"https:\/\/saippuatassu.fi\/?page_id=2219"},"modified":"2026-02-06T14:35:24","modified_gmt":"2026-02-06T14:35:24","slug":"tilat-ja-valineet","status":"publish","type":"page","link":"https:\/\/saippuatassu.fi\/?page_id=2219","title":{"rendered":"Tilat ja Varusteet"},"content":{"rendered":"\t\t<div data-elementor-type=\"wp-page\" data-elementor-id=\"2219\" class=\"elementor elementor-2219\">\n\t\t\t\t<div class=\"elementor-element elementor-element-c5d62a8 e-flex e-con-boxed e-con e-parent\" data-id=\"c5d62a8\" data-element_type=\"container\" data-e-type=\"container\" data-settings=\"{&quot;background_background&quot;:&quot;classic&quot;}\">\n\t\t\t\t\t<div class=\"e-con-inner\">\n\t\t\t\t<div class=\"elementor-element elementor-element-8563c3c elementor-widget elementor-widget-heading\" data-id=\"8563c3c\" data-element_type=\"widget\" data-e-type=\"widget\" data-widget_type=\"heading.default\">\n\t\t\t\t<div class=\"elementor-widget-container\">\n\t\t\t\t\t<h2 class=\"elementor-heading-title elementor-size-default\">Tilat ja Varusteet<\/h2>\t\t\t\t<\/div>\n\t\t\t\t<\/div>\n\t\t\t\t\t<\/div>\n\t\t\t\t<\/div>\n\t\t<div class=\"elementor-element elementor-element-9205b42 e-con-full e-flex e-con e-parent\" data-id=\"9205b42\" data-element_type=\"container\" data-e-type=\"container\" data-settings=\"{&quot;background_background&quot;:&quot;classic&quot;}\">\n\t\t<div class=\"elementor-element elementor-element-1d54d19 e-con-full e-flex e-con e-child\" data-id=\"1d54d19\" data-element_type=\"container\" data-e-type=\"container\">\n\t\t\t\t<div class=\"elementor-element elementor-element-c112ae3 elementor-widget elementor-widget-heading\" data-id=\"c112ae3\" data-element_type=\"widget\" data-e-type=\"widget\" data-widget_type=\"heading.default\">\n\t\t\t\t<div class=\"elementor-widget-container\">\n\t\t\t\t\t<h2 class=\"elementor-heading-title elementor-size-default\">Miksi valita juuri saippua<br>tassu?<\/h2>\t\t\t\t<\/div>\n\t\t\t\t<\/div>\n\t\t\t\t<div class=\"elementor-element elementor-element-aea4d9d elementor-widget elementor-widget-text-editor\" data-id=\"aea4d9d\" data-element_type=\"widget\" data-e-type=\"widget\" data-widget_type=\"text-editor.default\">\n\t\t\t\t<div class=\"elementor-widget-container\">\n\t\t\t\t\t\t\t\t\t<p data-start=\"303\" data-end=\"516\">Koiran turkin ja kynsien s\u00e4\u00e4nn\u00f6llinen hoito on t\u00e4rke\u00e4 osa sen hyvinvointia ja terveytt\u00e4. Itsepalvelupesulaa k\u00e4ytt\u00e4m\u00e4ll\u00e4 voit huolehtia lemmikist\u00e4si helposti ja edullisesti \u2013 ilman suuria v\u00e4linehankintoja kotiin.<\/p><p data-start=\"518\" data-end=\"791\">Ammattitason v\u00e4lineiden ansiosta pesu ja hoitaminen on sek\u00e4 <strong data-start=\"578\" data-end=\"609\">ergonomista ett\u00e4 vaivatonta<\/strong>, ja ennen kaikkea mukavaa niin sinulle kuin tassukaverillesi.<\/p><p data-start=\"518\" data-end=\"791\"><br data-start=\"671\" data-end=\"674\" \/>Lemmikkisi saa olla koko ajan tutun ja turvallisen henkil\u00f6n seurassa, mik\u00e4 tekee pesuhetkest\u00e4 rennomman kokemuksen.<\/p><p data-start=\"793\" data-end=\"954\">Voit halutessasi tulla my\u00f6s yst\u00e4vien ja heid\u00e4n karvakuonojensa kanssa yhteiseen spa-hetkeen \u2013 kunhan kaikki tulevat toimeen kesken\u00e4\u00e4n (max. 3 koiraa kerralla).<\/p><p data-start=\"956\" data-end=\"1054\">Ja mik\u00e4 parasta: koti pysyy siistin\u00e4, eik\u00e4 lattioilla loju en\u00e4\u00e4 kuravanoja tai karvatuiskuja! \ud83d\udc3e<\/p>\t\t\t\t\t\t\t\t<\/div>\n\t\t\t\t<\/div>\n\t\t\t\t<\/div>\n\t\t\t\t<\/div>\n\t\t<div class=\"elementor-element elementor-element-5847ff5 e-flex e-con-boxed e-con e-parent\" data-id=\"5847ff5\" data-element_type=\"container\" data-e-type=\"container\" data-settings=\"{&quot;background_background&quot;:&quot;classic&quot;}\">\n\t\t\t\t\t<div class=\"e-con-inner\">\n\t\t\t\t<div class=\"elementor-element elementor-element-3f09533 elementor-widget elementor-widget-heading\" data-id=\"3f09533\" data-element_type=\"widget\" data-e-type=\"widget\" data-widget_type=\"heading.default\">\n\t\t\t\t<div class=\"elementor-widget-container\">\n\t\t\t\t\t<h2 class=\"elementor-heading-title elementor-size-default\"><p><strong>Saipputassusta l\u00f6yd\u00e4t kaikki mit\u00e4 tarvitset hoitotoimenpiteesi aikana<br><\/strong><\/p><br><p><strong>Pesuallas&nbsp;<\/strong><\/p><p><strong>&nbsp;<\/strong><\/p><p>Pesuallas on suunniteltu ammattik\u00e4ytt\u00f6\u00f6n \u2013 ergonomia ja pesun helppous on otettu tarkasti huomioon. Altaassa on k\u00e4tev\u00e4 ramppi, jonka ansiosta lemmikin on helppo kulkea sis\u00e4\u00e4n ja ulos ilman nostelua. Kest\u00e4vyys on jopa 200 kiloa, joten my\u00f6s isommat karvakuonot mahtuvat mukaan kylpyhetkeen.<\/p><p data-start=\"459\" data-end=\"672\">Altaaseen saa kiinnitetty\u00e4 nuolumaton, joka auttaa tekem\u00e4\u00e4n pesusta rennomman ja v\u00e4hemm\u00e4n stressaavan kokemuksen. Tarjoamme my\u00f6s pyyhkeet, joilla lemmikin turkin voi kuivailla ennen trimmausp\u00f6yd\u00e4lle siirtymist\u00e4.<\/p><p data-start=\"674\" data-end=\"806\">Altaan k\u00e4yt\u00f6st\u00e4 l\u00f6ytyy selke\u00e4t ohjeet tilasta \u2013 luethan ne ennen aloittamista, niin pesu sujuu turvallisesti ja helposti.<\/p><br><p><strong>Trimmauspisteen v\u00e4lineet<\/strong><\/p><br><p><span style=\"font-style: inherit;font-weight: inherit\">Trimmausp\u00f6yd\u00e4n korkeutta voi s\u00e4\u00e4t\u00e4\u00e4 helposti jalkapolkimella. P\u00f6yt\u00e4 kest\u00e4\u00e4 jopa 180 kg:n painon, joten se soveltuu erikokoisille lemmikeille. P\u00f6yd\u00e4ss\u00e4 on my\u00f6s kiinnitysteline, joka mahdollistaa lemmikin turvallisuuden trimmauksen aikana.<\/span><\/p><p data-start=\"525\" data-end=\"907\">Tilasta l\u00f6ytyy lis\u00e4ksi mukava satulatuoli, joka tekee turkinhoidosta ergonomisempaa. Kuivaus onnistuu vaivattomasti liikkuvalla jalustalla olevalla tuplamoottorisella turkinkuivaajalla. Kuivausta varten on saatavilla my\u00f6s kuulosuojaimet sek\u00e4 lemmikille tarkoitetut korvasuojat. Tarvittaessa voi k\u00e4ytt\u00e4\u00e4 suojalaseja, erityisesti karvanl\u00e4hd\u00f6n aikaan, kun pohjavillaa irtoaa runsaasti.<\/p><p data-start=\"909\" data-end=\"1082\">Trimmauspisteelt\u00e4 l\u00f6ytyv\u00e4t erilaiset harjat, siistimiseen tarkoitetut sakset sek\u00e4 trimmauskone. My\u00f6s kynsien leikkaaminen onnistuu helposti laadukkailla kynsileikkureilla.<\/p><br><p><strong>Tuotteet<\/strong><\/p><p><strong>&nbsp;<\/strong><\/p><p>Saippuatassussa k\u00e4yt\u00e4mme vain ammattik\u00e4ytt\u00f6\u00f6n tarkoitettuja kissojen ja koirien pesutuotteita - So Posh -tuotesarjaa. K\u00e4yt\u00f6ss\u00e4mme on kaikille turkeille sopiva syv\u00e4puhdistava shampoo sek\u00e4 lis\u00e4ksi erikoisshampoita eri turkkityypeille - esimerkiksi valkoiselle, kiharalle ja karhealle turkille.<\/p><p>Pesun yhteydess\u00e4 voit my\u00f6s hemmotella lemmikkisi tassuja hoitavalla tassuvahalla sek\u00e4 puhdistaa silm\u00e4t ja korvat niille tarkoitetuilla, hell\u00e4varaisilla tuotteilla.<\/p><br><p><strong>Lopuksi<\/strong><\/p><br><p>Siivouksesta ei tarvitse stressata \u2013 kaikki tarvittavat v\u00e4lineet l\u00f6ytyv\u00e4t paikan p\u00e4\u00e4lt\u00e4!<\/p><span style=\"font-style: inherit;font-weight: inherit\">Tilasta l\u00f6ytyy m\u00e4rk\u00e4imuri, lasta, mikrokuituliinoja sek\u00e4 desinfiointiaineet pintojen ja v\u00e4lineiden puhdistukseen. Roskapussit ja muut tarvikkeet l\u00f6ytyv\u00e4t siivouskaapista.<\/span><\/h2>\t\t\t\t<\/div>\n\t\t\t\t<\/div>\n\t\t\t\t\t<\/div>\n\t\t\t\t<\/div>\n\t\t<div class=\"elementor-element elementor-element-35ac542 e-flex e-con-boxed e-con e-parent\" data-id=\"35ac542\" data-element_type=\"container\" data-e-type=\"container\" data-settings=\"{&quot;background_background&quot;:&quot;classic&quot;}\">\n\t\t\t\t\t<div class=\"e-con-inner\">\n\t\t\t\t<div class=\"elementor-element elementor-element-67c1e43 elementor-pagination-position-inside elementor-widget-mobile__width-initial elementor-arrows-position-inside elementor-widget elementor-widget-image-carousel\" data-id=\"67c1e43\" data-element_type=\"widget\" data-e-type=\"widget\" data-settings=\"{&quot;slides_to_show&quot;:&quot;1&quot;,&quot;speed&quot;:612,&quot;navigation&quot;:&quot;both&quot;,&quot;autoplay&quot;:&quot;yes&quot;,&quot;pause_on_hover&quot;:&quot;yes&quot;,&quot;pause_on_interaction&quot;:&quot;yes&quot;,&quot;autoplay_speed&quot;:5000,&quot;infinite&quot;:&quot;yes&quot;,&quot;effect&quot;:&quot;slide&quot;}\" data-widget_type=\"image-carousel.default\">\n\t\t\t\t<div class=\"elementor-widget-container\">\n\t\t\t\t\t\t\t<div class=\"elementor-image-carousel-wrapper swiper\" role=\"region\" aria-roledescription=\"carousel\" aria-label=\"Kuvakaruselli\" dir=\"ltr\">\n\t\t\t<div class=\"elementor-image-carousel swiper-wrapper swiper-image-stretch\" aria-live=\"off\">\n\t\t\t\t\t\t\t\t<div class=\"swiper-slide\" role=\"group\" aria-roledescription=\"slide\" aria-label=\"1 of 3\"><figure class=\"swiper-slide-inner\"><img decoding=\"async\" class=\"swiper-slide-image\" src=\"https:\/\/saippuatassu.fi\/wp-content\/uploads\/2025\/11\/20251102_121822160_iOS.jpg\" alt=\"Pesuallas kokonaisuudessaan\" \/><\/figure><\/div><div class=\"swiper-slide\" role=\"group\" aria-roledescription=\"slide\" aria-label=\"2 of 3\"><figure class=\"swiper-slide-inner\"><img decoding=\"async\" class=\"swiper-slide-image\" src=\"https:\/\/saippuatassu.fi\/wp-content\/uploads\/2025\/11\/20251102_122319030_iOS.jpg\" alt=\"20251102_122319030_iOS\" \/><\/figure><\/div><div class=\"swiper-slide\" role=\"group\" aria-roledescription=\"slide\" aria-label=\"3 of 3\"><figure class=\"swiper-slide-inner\"><img decoding=\"async\" class=\"swiper-slide-image\" src=\"https:\/\/saippuatassu.fi\/wp-content\/uploads\/2025\/11\/20251102_125343220_iOS.jpg\" alt=\"20251102_125343220_iOS\" \/><\/figure><\/div>\t\t\t<\/div>\n\t\t\t\t\t\t\t\t\t\t\t\t<div class=\"elementor-swiper-button elementor-swiper-button-prev\" role=\"button\" tabindex=\"0\">\n\t\t\t\t\t\t<i aria-hidden=\"true\" class=\"fas fa-angle-left\"><\/i>\t\t\t\t\t<\/div>\n\t\t\t\t\t<div class=\"elementor-swiper-button elementor-swiper-button-next\" role=\"button\" tabindex=\"0\">\n\t\t\t\t\t\t<i aria-hidden=\"true\" class=\"fas fa-angle-right\"><\/i>\t\t\t\t\t<\/div>\n\t\t\t\t\n\t\t\t\t\t\t\t\t\t<div class=\"swiper-pagination\"><\/div>\n\t\t\t\t\t\t\t\t\t<\/div>\n\t\t\t\t\t\t<\/div>\n\t\t\t\t<\/div>\n\t\t\t\t\t<\/div>\n\t\t\t\t<\/div>\n\t\t\t\t<\/div>\n\t\t","protected":false},"excerpt":{"rendered":"<p>Tilat ja Varusteet Miksi valita juuri saippuatassu? Koiran turkin ja kynsien s\u00e4\u00e4nn\u00f6llinen hoito on t\u00e4rke\u00e4 osa sen hyvinvointia ja terveytt\u00e4. Itsepalvelupesulaa k\u00e4ytt\u00e4m\u00e4ll\u00e4 voit huolehtia lemmikist\u00e4si helposti ja edullisesti \u2013 ilman suuria v\u00e4linehankintoja kotiin. Ammattitason v\u00e4lineiden ansiosta pesu ja hoitaminen on sek\u00e4 ergonomista ett\u00e4 vaivatonta, ja ennen kaikkea mukavaa niin sinulle kuin tassukaverillesi. Lemmikkisi saa olla [&hellip;]<\/p>\n","protected":false},"author":1,"featured_media":0,"parent":0,"menu_order":0,"comment_status":"closed","ping_status":"closed","template":"elementor_header_footer","meta":{"site-sidebar-layout":"no-sidebar","site-content-layout":"page-builder","ast-site-content-layout":"full-width-container","site-content-style":"unboxed","site-sidebar-style":"unboxed","ast-global-header-display":"","ast-banner-title-visibility":"","ast-main-header-display":"","ast-hfb-above-header-display":"","ast-hfb-below-header-display":"","ast-hfb-mobile-header-display":"","site-post-title":"disabled","ast-breadcrumbs-content":"","ast-featured-img":"disabled","footer-sml-layout":"","ast-disable-related-posts":"","theme-transparent-header-meta":"","adv-header-id-meta":"","stick-header-meta":"","header-above-stick-meta":"","header-main-stick-meta":"","header-below-stick-meta":"","astra-migrate-meta-layouts":"set","ast-page-background-enabled":"default","ast-page-background-meta":{"desktop":{"background-color":"var(--ast-global-color-4)","background-image":"","background-repeat":"repeat","background-position":"center center","background-size":"auto","background-attachment":"scroll","background-type":"","background-media":"","overlay-type":"","overlay-color":"","overlay-opacity":"","overlay-gradient":""},"tablet":{"background-color":"","background-image":"","background-repeat":"repeat","background-position":"center center","background-size":"auto","background-attachment":"scroll","background-type":"","background-media":"","overlay-type":"","overlay-color":"","overlay-opacity":"","overlay-gradient":""},"mobile":{"background-color":"","background-image":"","background-repeat":"repeat","background-position":"center center","background-size":"auto","background-attachment":"scroll","background-type":"","background-media":"","overlay-type":"","overlay-color":"","overlay-opacity":"","overlay-gradient":""}},"ast-content-background-meta":{"desktop":{"background-color":"var(--ast-global-color-5)","background-image":"","background-repeat":"repeat","background-position":"center center","background-size":"auto","background-attachment":"scroll","background-type":"","background-media":"","overlay-type":"","overlay-color":"","overlay-opacity":"","overlay-gradient":""},"tablet":{"background-color":"var(--ast-global-color-5)","background-image":"","background-repeat":"repeat","background-position":"center center","background-size":"auto","background-attachment":"scroll","background-type":"","background-media":"","overlay-type":"","overlay-color":"","overlay-opacity":"","overlay-gradient":""},"mobile":{"background-color":"var(--ast-global-color-5)","background-image":"","background-repeat":"repeat","background-position":"center center","background-size":"auto","background-attachment":"scroll","background-type":"","background-media":"","overlay-type":"","overlay-color":"","overlay-opacity":"","overlay-gradient":""}},"footnotes":""},"class_list":["post-2219","page","type-page","status-publish","hentry"],"_links":{"self":[{"href":"https:\/\/saippuatassu.fi\/index.php?rest_route=\/wp\/v2\/pages\/2219","targetHints":{"allow":["GET"]}}],"collection":[{"href":"https:\/\/saippuatassu.fi\/index.php?rest_route=\/wp\/v2\/pages"}],"about":[{"href":"https:\/\/saippuatassu.fi\/index.php?rest_route=\/wp\/v2\/types\/page"}],"author":[{"embeddable":true,"href":"https:\/\/saippuatassu.fi\/index.php?rest_route=\/wp\/v2\/users\/1"}],"replies":[{"embeddable":true,"href":"https:\/\/saippuatassu.fi\/index.php?rest_route=%2Fwp%2Fv2%2Fcomments&post=2219"}],"version-history":[{"count":77,"href":"https:\/\/saippuatassu.fi\/index.php?rest_route=\/wp\/v2\/pages\/2219\/revisions"}],"predecessor-version":[{"id":2607,"href":"https:\/\/saippuatassu.fi\/index.php?rest_route=\/wp\/v2\/pages\/2219\/revisions\/2607"}],"wp:attachment":[{"href":"https:\/\/saippuatassu.fi\/index.php?rest_route=%2Fwp%2Fv2%2Fmedia&parent=2219"}],"curies":[{"name":"wp","href":"https:\/\/api.w.org\/{rel}","templated":true}]}}